 List the prime factors of l.
1847
Suppose 4*k - 31*v + 33*v = 8316, -4*v = -3*k + 6215. List the prime factors of k.
31, 67
Let g = 12 + -10. Suppose 12 = g*s - 6*s. Let k = s - -12. What are the prime factors of k?
3
Suppose -v = -0*v - o - 2, -3*v = -2*o - 5. What are the prime factors of (285/(-4))/v*(-56)/21?
2, 5, 19
Let n(s) = 12 + 8*s**3 - 3*s + 4*s**2 - 3*s**3 - 4*s**3 + 0*s**3. Let y be n(-5). List the prime factors of ((-6)/(-4) - y)*-56.
2, 7
Suppose 53*h - 81722 = 24*h. What are the prime factors of h?
2, 1409
Let t be (-32)/(-40)*1*5. Suppose -3*w = -n - 74, -2*w + t*n + 82 = 16. List the prime factors of w.
23
Let j be (-43)/(-4) + (-3)/(-12). Suppose -2*i - 4*o + 10 = -o, 4*o = 5*i - 2. Suppose -j + i = -u. What are the prime factors of u?
3
Let o be ((-4)/(-3))/((-5)/(-210)). Let u be o/12 - (-4)/(-6). Suppose u*h - 100 = -h. What are the prime factors of h?
2, 5
Let n = -138 - -156. List the prime factors of n.
2, 3
Suppose 2*k + 5 = 19. Let c = k + -3. Suppose 2*m = 5*d - 0*d + 171, -c*d = 4*m - 272. What are the prime factors of m?
73
Suppose 378 = 3*k - 42. Suppose -11*v + 388 = -k. What are the prime factors of v?
2, 3
Let s be (-16 - -11)*(0 + 18/(-10)). Suppose -z = -s*z + 488. List the prime factors of z.
61
Let m = -37 - -35. List the prime factors of 181 - (0/m + 4).
3, 59
Suppose 2*y - 104 = -0*y. Let a = -3 + y. Suppose -3*r + 96 = 3*k, -r + 2*k = 8 - a. What are the prime factors of r?
5, 7
Suppose 227 = 3*f + 95. List the prime factors of f.
2, 11
Suppose -3*u + 4*r + 0*r + 14584 = 0, 0 = -u - r + 4852. List the prime factors of u/40 - 4/10.
11
Suppose 2*k - 7*k + 155 = 0. Let t = -19 + k. What are the prime factors of t?
2, 3
Let v = -14 - -16. Suppose s = -c + 2*c - 46, -v*c = 4*s - 68. What are the prime factors of c?
2, 3, 7
Suppose 6 = -0*f + 3*f. Suppose f*r + 158 = 4*r. Suppose r = 2*a + 33. List the prime factors of a.
23
Let t(c) be the first derivative of -17*c**2 - c - 9. Let i be t(4). Let r = 198 + i. List the prime factors of r.
61
Let y = 92 + 20. Suppose 9*w = 11*w - y. List the prime factors of w.
2, 7
Let h be (8 + 1)/(-12*7/(-56)). Let y(x) be the second derivative of 7*x**3/6 - 4*x**2 - 6*x. What are the prime factors of y(h)?
2, 17
Let i = -419 - -552. List the prime factors of i.
7, 19
Suppose -4*t + 417 = 5*r, 6*t = t - 4*r + 528. Suppose -151 = 3*n + q, 0*n = 2*n - 3*q + t. Let p = n - -76. List the prime factors of p.
5
Let a be (-31)/(-5) + (-8)/40. Suppose 11*p = a*p + 550. Suppose -5*q + 5*m = -p, 3*m + 0*m - 102 = -5*q. What are the prime factors of q?
3, 7
Suppose 29*l = 1273 + 32773. List the prime factors of l.
2, 587
Suppose -p = -3*b - 2*p + 20, -3*p = -3*b. Suppose -j + 482 = 5*n + 2*j, 168 = 2*n - b*j. What are the prime factors of n?
2, 47
List the prime factors of 395*(-6)/18*-15.
5, 79
Let r = -161 + 200. Suppose -108 = -4*f - 4*d, -13 + 71 = 2*f + 4*d. Let g = r - f. List the prime factors of g.
2, 7
Let b = -1996 - -4136. List the prime factors of b.
2, 5, 107
Let f(u) = 3*u - u**2 + 705 + 0*u**2 - 703 - 19*u**3. What are the prime factors of f(-2)?
2, 3
Let d be 0*2/(-4) + 0. List the prime factors of (70*1 - 2) + d.
2, 17
Suppose -2*n = -3*p + 23, -3*n = p + 2*p - 33. Suppose -p*y + 7*y + 464 = 0. List the prime factors of y.
2, 29
Let s(i) = 2*i**3 - 7*i**2 + 5*i + 1. Let k(j) = 3*j + 9. Let o be k(-7). Let c(m) = m + 16. Let r be c(o). List the prime factors of s(r).
37
Let q(p) = p + 8. Let g be q(6). Suppose -4*n + 4*u + 140 = 0, -23 - 134 = -5*n - u. Let j = n - g. List the prime factors of j.
2, 3
Let b = 2546 - 1638. Suppose 2933 = 15*l + b. List the prime factors of l.
3, 5
Let u(i) = 295*i**2 + 1. Let o be u(-1). Suppose o = 2*f + 2*f. What are the prime factors of f?
2, 37
Let f = 15 + -16. Let y be (2/f)/(24/(-84)). Let a = y - -24. What are the prime factors of a?
31
Suppose 5*f - 4*i - 229 = 0, 2*f - 52 - 33 = -5*i. Suppose 0 = -5*r + 45 + f. Suppose -r = -2*h - 5*s, -2*s = -2*h + 3*s - 2. What are the prime factors of h?
2
Let z be (-78 + -1 + 5)*(-18)/4. Let t = z - 174. List the prime factors of t.
3, 53
Let g(n) = n + 51. Suppose -21 - 9 = -5*p + 5*r, 2*p - 4*r = 16. Suppose -p*s + 9*s = 0. What are the prime factors of g(s)?
3, 17
Let t = -76 - -52. What are the prime factors of (-3)/24 - 6123/t?
3, 5, 17
Let n(q) = -q**2 - 5*q - 3. Let x be n(-3). List the prime factors of ((-108)/(-60))/(x/45).
3
Let h = -68 + 127. Let y = h - 51. List the prime factors of y.
2
Suppose -2*t = 3*t - 10, 5*d = -2*t + 44. Suppose -d*n + 9*n - 87 = 0. What are the prime factors of n?
3, 29
What are the prime factors of (67/2)/(-5 + 124/24)?
3, 67
Let o(v) = 40*v - 479. List the prime factors of o(23).
3, 7
Suppose 6128 = 2*t - 4*n - 1086, 5*t - 3*n - 18035 = 0. List the prime factors of t.
3607
Let i(g) = g**3 - 4. Let c(t) = -3*t - 2. Let a be c(-2). List the prime factors of i(a).
2, 3, 5
Let p(s) = -2*s**2 + 3*s + 2. Let y be p(-2). Let r(x) = x**2 + 13 + 1 + x + 11*x. List the prime factors of r(y).
2, 7
Suppose 61*g + 104 = 74*g. What are the prime factors of g?
2
Let v(n) be the third derivative of -1/24*n**4 + 0*n + 0 + 1/60*n**5 + 2/3*n**3 - 4*n**2. List the prime factors of v(-4).
2, 3
Let a = 23 - 14. Suppose 2*r - 95 = -a. List the prime factors of r.
43
Suppose 399 = 3*n - 3*x, n + 4*x - 95 - 33 = 0. Suppose -6*h = -2*h - n. What are the prime factors of h?
3, 11
Let s = -5 + 6. Let u be (2/(-2) - -2)/(-1). List the prime factors of (u - s)/(4/(-50)).
5
Let b(x) = -x**3 - 29*x**2 - 3*x - 65. List the prime factors of b(-31).
2, 3, 5, 13
Let h = -65 - -25. Let a = 77 - h. What are the prime factors of a?
3, 13
What are the prime factors of 2123/(8*(-10)/(-80))?
11, 193
Let s be 3 - 2 - (-288)/(-1 + -2). Let p = -22 - s. List the prime factors of p.
73
Suppose 2*w + 2*w = -2*n + 708, 4*n = w + 1371. What are the prime factors of n?
2, 43
Suppose -1058 = -23*w + 7751. List the prime factors of w.
383
Suppose 2*n + 2*n + 5*p = -482, -p + 352 = -3*n. What are the prime factors of 1 - (-6 - -3) - n?
2, 61
Suppose 1164 = k + 4*j, -j + 4*j = 12. List the prime factors of k.
2, 7, 41
Let r(i) = 19*i + 26. Suppose 5*z + 2*l = 20, 0 = 4*l - 0 + 20. Let d be r(z). Let p = d - 95. List the prime factors of p.
3, 5
Let l(q) = q**3 + 4*q**2 + 7*q - 3. Let n be l(-4). What are the prime factors of 14/28 + 3/((-6)/n)?
2
List the prime factors of 3/((-9)/(-5529)) - (-1 - 4).
2, 3, 7, 11
Let l = 40 + -36. Suppose 156 = 2*q + l*u, -6*u + 4*u - 8 = 0. List the prime factors of q.
2, 43
Suppose 0 = 5*b + 443 - 1848. List the prime factors of b.
281
Suppose -2*a - o = 1, a + 2*o - 2 = -o. Let b(k) = 10*k**2 - k - 1. What are the prime factors of b(a)?
2, 5
Suppose -v - 2*v - 10 = -5*i, -10 = 2*i - 4*v. Suppose 0 = 3*t + i*u - 257, 135 = -3*t + 2*u + 406. List the prime factors of t.
89
Suppose -6*a - 207 + 585 = 0. Suppose a + 41 = 2*h. List the prime factors of h.
2, 13
Suppose -5*u - 4 = -19. Suppose 0*m - 4*i = m - 54, -u*i - 216 = -4*m. List the prime factors of m.
2, 3
Suppose -13392 = -187*o + 171*o. List the prime factors of o.
3, 31
Let i(w) = 8*w**2 + 18*w + 28. What are the prime factors of i(-8)?
2, 3, 11
Let c(k) = -2*k**2 + 65*k - 41. What are the prime factors of c(6)?
277
Let q(r) = 2*r - 2. Let d = 0 + 3. Let a be q(d). Suppose -a*g + 8*g = 172. What are the prime factors of g?
43
Suppose j = 2, 0*j - 806 = -2*r + 2*j. List the prime factors of r.
3, 5
Let d(a) = 2*a**2 - 8*a. Let x be d(-13). Suppose x = 5*c + w - 653, -4*w = -4*c + 876. What are the prime factors of c?
3, 73
Suppose 4*a + 2 + 18 = 0. Let p(g) = -3*g**3 + 8*g**2 + 7*g + 12. Let y(r) = -r**3 + 2. Let h(k) = p(k) - 4*y(k). List the prime factors of h(a).
2, 11
Suppose 2*r - 10 + 0 = 0, -3*r = 5*o - 110. Suppose -4*c - 7 + o = 0. Suppose 3*f + z + z = 44, -11 = -f + c*z. List the prime factors of f.
2, 7
Let v = -2224 - -2652. What are the prime factors of v?
2, 107
Let g(f) = f**3 + 7*f**2 - 13*f - 6. Let q(p) = -p**2 - 2*p + 8. Let r be q(3). List the prime factors of g(r).
5, 17
Suppose 0 = -12*i + 1986 + 2010. What are the prime factors of i?
3, 37
Suppose -49*y = -13*y - 91440. What are the prime factors of y?
2, 5, 127
Let q(i) = -i**3 + 6*i**2 - 6*i + 5. Let u be q(5). Suppose 4*g + 5*v + 8